alse
Is -13 - (-10 - 25018 - 6) composite?
True
Let u(i) = 0*i**3 - 3 + 2 + i**3 - 8*i**2 + 6*i + 11. Let f be u(7). Suppose -8*r + 3*g = -3*r - 775, -f*g - 617 = -4*r. Is r prime?
False
Let g(c) = -189*c - 40 - 33 + 18. Is g(-6) a composite number?
True
Let w(l) = -561*l + 56. Is w(-13) prime?
True
Let w(o) = o + 3 - 6*o - o. Let t be w(-1). Let v = 44 + t. Is v a prime number?
True
Suppose -6*i = -13*i + 8785. Is i prime?
False
Is (36827 - (1 - 1))*(-36 - -37) composite?
True
Suppose 10*r - 13*r + 18 = 0. Suppose 0 = 2*t - t - h - 2, 3*t - r = -2*h. Is t/8 - (-22419)/36 composite?
True
Let o(m) = m + 21. Let a be o(-21). Suppose a = 70*i - 73*i + 3246. Is i composite?
True
Let l(i) = -3*i + 7. Let f be l(-3). Suppose o - 7 = f. Let j = o + 8. Is j composite?
False
Let d = 43592 - 15981. Is d composite?
False
Let s(b) = b - 6. Let a be s(8). Is 58005/35 + a/(-7) composite?
False
Suppose 0 = -2*j + s + 198, 97 + 81 = 2*j + 4*s. Is j prime?
True
Let h(w) = 13*w**2 + 5*w - 5. Let q be h(1). Let m be 38/(-3)*(-219)/2. Suppose q*o - m = 12*o. Is o prime?
False
Suppose -5*s = -15, -2*m - 279 = s + 2198. Suppose -3*z = l + 2214, -5*z = -2*l + 5*l + 3694. Let n = z - m. Is n composite?
False
Let l be 5*(-1 + -2 + 4). Suppose 0 = l*f - 25, 3*c + 2*f + 0*f = 25. Suppose 5*m + 3*p = 227, -2*p - 203 = -c*m + 29. Is m composite?
True
Let b = 34 + -34. Suppose b = j - 2*j + 1223. Is j a composite number?
False
Let v = -1 - 5. Let g(q) = q**3 + 7*q**2 + 7*q + 10. Let y be g(v). Suppose 8 = -4*i, -y*i - 1159 = -5*s + 4*s. Is s a composite number?
False
Suppose 0 = -3*o + 5*m - 793, -4*o + 0*m + 2*m = 1062. Is o*(-4)/(-8)*-1 composite?
True
Suppose -4*b + 4*t = -3*b - 5, -3*t = 2*b - 10. Suppose -b*y - 164 = -z, 4*y - 191 = -2*z + 179. Is z composite?
False
Let u be (100/6 - 3)/(4/(-36)). Suppose -4*t - 31 = -0*m + 5*m, -2*t - 5 = -m. Let y = t - u. Is y a composite number?
True
Let i(c) = 5*c**2 - 4*c - 4. Let a(n) = 2*n + 11. Let g(q) = q**2 - 4*q - 7. Let z be g(4). Let d be a(z). Is i(d) prime?
True
Let r(c) = -c**2 + 8*c + 11. Suppose -9 = -d - 4*z, -5*d - 2*z + 3*z = -45. Let i be r(d). Suppose v - i*m = 117, 4*m = v + m - 112. Is v a composite number?
False
Is (3/6)/((-1)/(-26162)) prime?
False
Suppose -5 = -2*p - q, 0 = 5*p + 3*q - q - 12. Suppose v - p*v + 12 = 0. Is (8/v)/(-2)*-1401 a composite number?
False
Let m be 77340/5 + (-8)/((-4)/2). Suppose -15*a = a - m. Is a composite?
False
Let g(o) = -o**3 - 4*o**2 - 27*o - 7. Is g(-12) a prime number?
False
Let t be (-1)/6 + (-1 - 7/(-6)). Suppose -2*f + 298 = -t*f. Is f prime?
True
Suppose -21787 - 886 = -7*n. Is n a prime number?
False
Suppose -4*g + 2*g + 2*h = 12, -4*g - 4 = h. Is ((-2155)/g)/(16/32) composite?
True
Let d = 69 + -67. Suppose -254 = d*s - 4*s. Is s prime?
True
Let d = 26 + -16. Suppose 0 = 6*q - 5*q + d. Is 5/(q/(-4)) - -335 a prime number?
True
Let f be (-4)/(-10) + (-424)/(-40). Let b(u) = -u**3 + 13*u**2 - 7*u + 2. Is b(f) a composite number?
False
Is (-2 + (-2 - -3))*(19 - 2352) a composite number?
False
Is (-1 - (-37935)/(-20))/((-3)/12) composite?
False
Suppose 0 = -5*y - 4*c + 7015, 5*y - 1403 = 4*y - 5*c. Is y + (16/(-4) - 0) a prime number?
True
Let m(b) = -16*b - 4. Suppose -2*l + l + 9 = -3*v, -5*v + 5*l - 5 = 0. Let i be m(v). Let u = i + -17. Is u composite?
False
Let h(r) be the third derivative of -r**4/8 + 4*r**3/3 + 2*r**2. Let t be h(8). Is (-4)/t - 1521/(-12) a prime number?
True
Suppose -34*c + 9078 = -28*c. Is c composite?
True
Let f = 640 - 3254. Let h = 10097 + f. Is h composite?
True
Is 23719/(1 + 10 + -10) composite?
False
Let o = 257 + 224. Is o a composite number?
True
Suppose 21899 = 5*u - 7*y + 4*y, 5*u = -4*y + 21913. Is u a composite number?
True
Let q be 10/(-2)*(-4)/5. Let o = 1 + 2. Suppose 0 = o*x, 0*x = b + q*x - 115. Is b composite?
True
Suppose -3*r + 4*r - 3 = 0. Suppose -3*x - 828 = 3*i, 5*x + 1388 = -0*i + r*i. Let n = -146 - x. Is n a composite number?
False
Suppose 0 = 6*k - 5*k - 16. Is 42306/42 + (k/(-28))/2 a prime number?
False
Suppose 2*r - 1 - 3 = 0, -v - 3*r = -13. Suppose 0 = v*g - 9*g + 296. Let k = 327 - g. Is k a prime number?
True
Let u(g) = 1244*g**2 + 16*g - 17. Is u(1) prime?
False
Let k(q) = -257*q. Let z be k(-1). Suppose 0*x - x + z = 0. Is x composite?
False
Suppose -3*r + 6*r - 21 = 0. Suppose 3*u + 2*i + 0*i = -r, -3*u + 5*i = -28. Is (-3)/(u*(-4)/148) prime?
False
Let y(n) = -21*n + 14. Let d be (-23)/5 - (-10)/(-25). Is y(d) a prime number?
False
Suppose -5*s + 11 + 14 = 0. Suppose 0 = -s*o + 411 - 66. Is o composite?
True
Suppose -565*h + 38122 = -551*h. Is h prime?
False
Let a be -2 + 0 - 14/(-2). Let j(y) = y**3 + 37*y**2 + 36*y - 5. Let u be j(-36). Is 3203/a - 2/u a composite number?
False
Let m(v) = -2*v**2 - 29*v + 13. Let p be m(-15). Let b(d) = -7*d - 7. Is b(p) a composite number?
False
Suppose -2*h - 49 = -341. Suppose -491 + h = -5*s. Is s a prime number?
False
Let h(o) be the third derivative of -o**6/120 - o**5/12 - o**4/6 - o**3/6 + o**2. Suppose 5*n + 10*z - 7*z = -10, -2*z = 2*n. Is h(n) prime?
True
Suppose 3*q + 2*i - 6 = 0, 2 = 2*q + 2*i - 4. Suppose 13*s + q*s - 29237 = 0. Is s composite?
True
Let q(u) = -69*u + 5. Let g be (-3 + 3 - 0) + -6. Is q(g) prime?
True
Let v be ((-10 - -9)/(-3))/(1/(-3909)). Let k be 1 + -819 - (-1 - -1). Let s = k - v. Is s a prime number?
False
Suppose -70245 + 15155 = -10*l. Is l composite?
True
Let m(j) = 18*j**2 + 56*j + 15. Is m(11) prime?
False
Let h = -27 - -31. Suppose 0 = -r + 4*r + i + 38, 2*r + 12 = -h*i. Is (r/(-4) - 4)*-614 composite?
False
Suppose 5*t + 21 - 6 = 0. Let a be 2*-1407*t/6. Suppose 0 = -4*g + g + a. Is g a composite number?
True
Suppose 16*i - 502389 = -11*i. Is i prime?
False
Suppose -5*g + 2244 = 3*s, -5*s - 4*g = 746 - 4499. Suppose -5*a = -2*a - s. Is a a prime number?
True
Is (63/14 - 6)*8380/(-6) a composite number?
True
Suppose 4*z - z = 5*t + 4512, -12 = 4*t. Is z prime?
True
Let k be 26/4 + 39/(-26). Suppose -880 = -g - k*q, 3*g - 4*q = q + 2700. Is g composite?
True
Suppose 60 = -0*b + 4*b. Let y(q) = -1497*q + 1501*q + 7 + 2. Is y(b) a prime number?
False
Let b(m) = m**3 + 2*m - 3. Suppose 5*s + 2 - 17 = 0. Let n be b(s). Is (-10484)/(-10) + 18/n a composite number?
False
Let y = -6 + 9. Suppose -3*l - 2*l + 22 = -y*i, 5*i = -4*l - 12. Is (l/1)/((-10)/(-105)) prime?
False
Suppose -4*t - 4 + 16 = 0. Is (22694/7)/((-6)/(t/(-1))) composite?
False
Let g(t) = -t**3 - 8*t**2 + 16*t - 100. Is g(-21) a prime number?
True
Suppose -49*d = -1407181 + 187032. Is d a composite number?
True
Suppose 2*d - 10*d - 2024 = 0. Let i = 108 - d. Is i prime?
False
Let k be (1143/(-12))/((-2)/(-8)). Let f = -45 - k. Suppose 5*y = -25, -2*z = -0*z - 2*y - f. Is z prime?
True
Let u = 2 + -8. Let p(x) = -x**3 + 8*x**2 + 13*x + 17. Is p(u) a prime number?
True
Let y = 20 - 17. Suppose 3 = y*t - 6. Suppose 0 = -t*s - 0*s + 447. Is s prime?
True
Suppose 2*q + 326 = -434. Let c = -169 - q. Is c prime?
True
Let k(s) = 221*s - 4. Let w be k(4). Suppose 5*n - 1185 = w. Suppose 3*r - 2*r = n. Is r composite?
True
Let v(a) = a**3 - 4*a**2 + 4*a - 7. Let o be v(3). Is -2 + (11/o)/(1/(-196)) composite?
True
Let t(n) = -32*n - 131. Is t(-47) a composite number?
False
Suppose 5*o + 5 = 0, 0 = t + 2*o - 60 - 57. Let q be (-245)/(-6) - (-4)/48*2. Suppose -r - q = -2*r - 2*m, t = 3*r + 4*m. Is r a prime number?
True
Suppose 0 = 5*f + 20, 5*r - 3*f = 9490 + 877. Let m = -1460 + r. Is m a composite number?
True
Is 4/(20/43765) + -3 - 1 a composite number?
True
Let v be 48/5 - 2/(-5). Let l(g) = -30*g + 13. Let x(b) = 30*b - 13. Let w(p) = 5*l(p) + 6*x(p). Is w(v) composite?
True
Let u(s) = -s - 84. Let p be u(0). Suppose 0*c + 2*f - 13 = c, 3*f = 2*c + 23. Is (-19)/c + (-24)/p composite?
False
Let z = -25 + 25. Suppose -q + 288 + 83 = z. Is q prime?
False
Let k = -176 + 355. Is k a prime number?
True
Let g(k) = -315*k + 25. Suppose 3*f + 2 = f - 5*o, 0 = -4*f - 5*o - 14. Is g(f) prime?
False
Let n be (-1)/(-3)*(5 + 7). Let w(r) = -r**3 - 3*r**2 - 6*r - 3. Let j be w(-5). Is 33817/j - n/22 composite?
False
Suppose -1978 + 9974 = 4*b. Suppose b = 3*n - 3*j - j, -j = 5*n - 3370. Is n composite?
False
Suppose 900 + 8245 = 5*c. Is c a prime number?
False
Let h = 16885 - 11754. 